{"id":1174,"date":"2025-01-30T16:13:58","date_gmt":"2025-01-30T15:13:58","guid":{"rendered":"https:\/\/pogovorise.si\/?page_id=1174"},"modified":"2025-02-11T17:06:48","modified_gmt":"2025-02-11T16:06:48","slug":"mediacija-2","status":"publish","type":"page","link":"https:\/\/pogovorise.si\/index.php\/mediacija-2\/","title":{"rendered":"Transformativna mediacija"},"content":{"rendered":"<p>Mediacija je miren na\u010din re\u0161evanja konfliktov, ki so sestavni del \u017eivljenja vsakega \u010dloveka in dru\u017ebe v kateri \u017eivimo. Je proces za izgraditev ve\u0161\u010dine komuniciranja samega s seboj in z drugimi.<\/p>\n<p>Osnovno merilo za uspe\u0161nost mediacije je obojestransko zadovoljstvo udele\u017eenih strank in izvedba dogovorov. Mediacija ima primarni namen pripeljati konflikt do sporazumne re\u0161itve in sekundarni namen izbolj\u0161ati odnos med udele\u017eenci, opolnomo\u010denje udele\u017eencev, krepitev njihove samopodobe in sposobnosti sprejemanja odgovornosti.<\/p>\n<p><img decoding=\"async\" loading=\"lazy\" class=\"alignnone size-full wp-image-1162\" src=\"https:\/\/pogovorise.si\/wp-content\/uploads\/2024\/07\/TM-za-clanek_fb.jpg\" alt=\"\" width=\"940\" height=\"788\" srcset=\"https:\/\/pogovorise.si\/wp-content\/uploads\/2024\/07\/TM-za-clanek_fb.jpg 940w, https:\/\/pogovorise.si\/wp-content\/uploads\/2024\/07\/TM-za-clanek_fb-300x251.jpg 300w, https:\/\/pogovorise.si\/wp-content\/uploads\/2024\/07\/TM-za-clanek_fb-768x644.jpg 768w\" sizes=\"(max-width: 940px) 100vw, 940px\" \/><\/p>\n<p>Pri <strong>transformativni mediaciji<\/strong> se zgodi tudi osebnostna rast in bolj\u0161e samorazumevanje. Kadar se vse to zgodi v procesu mediacije, lahko govorimo o uspe\u0161nosti mediacije.<\/p>\n<p>Stranki lahko pridobita tudi na izbolj\u0161anju medsebojne komunikacije in odnosa, spoznavanju na\u010dinov za re\u0161evanje konfliktov ter ohranjanju pozitivnega pogleda in naravnanosti v prihodnost njunega odnosa.<\/p>\n<p>Mediator vodi postopek in proces mediacije. Ob tem je nepristranski in upo\u0161teva vsa na\u010dela in temeljna pravila mediacije. Zna poslu\u0161ati in z mediacijskimi tehnikami in komunikacijskimi ve\u0161\u010dinami spodbuja udele\u017eence pri mirnem re\u0161evanju konflikta, iskanju optimalnih re\u0161itev ter k samostojnemu odlo\u010danju strank.<\/p>\n<p>Za mediacijsko sre\u010danje se stranki odlo\u010dita soglasno. V\u010dasih je potrebno ve\u010d zaporednih sre\u010danj. Eno traja 90 minut. Cena je 60\u20ac.<\/p>\n<p>Mediacija je primerna v vseh \u017eivljenjskih situacijah kadar osebi ne zmoreta sami re\u0161iti nesoglasij ali razhajan.<\/p>\n<p>Za termin pi\u0161ite na e-po\u0161to <a href=\"mailto:barbara.novak444@gmail.com\">barbara.novak444@gmail.com<\/a><br \/>\nali pokli\u010dite na 040 210 512<\/p>\n","protected":false},"excerpt":{"rendered":"<p>Mediacija je miren na\u010din re\u0161evanja konfliktov, ki so sestavni del \u017eivljenja vsakega \u010dloveka in dru\u017ebe v kateri \u017eivimo. Je proces za izgraditev ve\u0161\u010dine komuniciranja samega s seboj in z drugimi. Osnovno merilo za uspe\u0161nost mediacije je obojestransko zadovoljstvo udele\u017eenih strank in izvedba dogovorov. Mediacija ima primarni namen pripeljati konflikt do sporazumne re\u0161itve in sekundarni namen &hellip; <a href=\"https:\/\/pogovorise.si\/index.php\/mediacija-2\/\" class=\"more-link\">Continue reading <span class=\"screen-reader-text\">Transformativna mediacija<\/span><\/a><\/p>\n","protected":false},"author":1,"featured_media":0,"parent":0,"menu_order":0,"comment_status":"closed","ping_status":"closed","template":"","meta":{"footnotes":""},"jetpack_sharing_enabled":true,"_links":{"self":[{"href":"https:\/\/pogovorise.si\/index.php\/wp-json\/wp\/v2\/pages\/1174"}],"collection":[{"href":"https:\/\/pogovorise.si\/index.php\/wp-json\/wp\/v2\/pages"}],"about":[{"href":"https:\/\/pogovorise.si\/index.php\/wp-json\/wp\/v2\/types\/page"}],"author":[{"embeddable":true,"href":"https:\/\/pogovorise.si\/index.php\/wp-json\/wp\/v2\/users\/1"}],"replies":[{"embeddable":true,"href":"https:\/\/pogovorise.si\/index.php\/wp-json\/wp\/v2\/comments?post=1174"}],"version-history":[{"count":4,"href":"https:\/\/pogovorise.si\/index.php\/wp-json\/wp\/v2\/pages\/1174\/revisions"}],"predecessor-version":[{"id":1187,"href":"https:\/\/pogovorise.si\/index.php\/wp-json\/wp\/v2\/pages\/1174\/revisions\/1187"}],"wp:attachment":[{"href":"https:\/\/pogovorise.si\/index.php\/wp-json\/wp\/v2\/media?parent=1174"}],"curies":[{"name":"wp","href":"https:\/\/api.w.org\/{rel}","templated":true}]}}