{"id":588,"date":"2020-08-30T13:27:28","date_gmt":"2020-08-30T11:27:28","guid":{"rendered":"https:\/\/pogovorise.si\/?page_id=588"},"modified":"2023-06-25T14:25:15","modified_gmt":"2023-06-25T12:25:15","slug":"svetovanje-in-trening-2","status":"publish","type":"page","link":"https:\/\/pogovorise.si\/index.php\/svetovanje-in-trening-2\/","title":{"rendered":"Svetovanje in trening"},"content":{"rendered":"<p>\u010ce se \u017eelite vaditi v komunikaciji s samim seboj, lahko obi\u0161\u010dete individualni trening in svetovanje ali se pridru\u017eite skupini za opolnomo\u010denje.<\/p>\n<p><img decoding=\"async\" loading=\"lazy\" class=\"size-full wp-image-704 aligncenter\" src=\"https:\/\/pogovorise.si\/wp-content\/uploads\/2020\/12\/prenos.jpg\" alt=\"\" width=\"290\" height=\"174\" \/><\/p>\n<p><a href=\"https:\/\/pogovorise.si\/index.php\/individualno-ucenje\/\"><strong>Individualni trening<\/strong><\/a> se oblikuje tako, da se obdelajo podro\u010dja in teme, katere so za posameznika primerne v danih okoli\u0161\u010dinah. Koli\u010dina in zaporednost sre\u010danj se oblikuje na za\u010detnem sre\u010danju. Uporabljajo se\u00a0<a href=\"https:\/\/pogovorise.si\/index.php\/tehnike-in-metode\/\">tehnike in metode<\/a> za opolnomo\u010denje v komunikaciji in poznavanju sebe.<\/p>\n<p><strong>Naro\u010dite se za uvodno sre\u010danje:\u00a0<\/strong><a href=\"mailto:barbara.novak444@gmail.com\">barbara.novak444@gmail.com<\/a><\/p>\n<p>Za <a href=\"https:\/\/pogovorise.si\/index.php\/individualna-srecanja\/\">individualno sre\u010danje<\/a> lahko izbirate med razli\u010dnimi pristopi glede na naravo te\u017eave ali problema, ki ga trenutno imate.\u00a0Pri svojem delu uporabljam holisti\u010dni pristop ne glede na temo, ki se obravnava.<\/p>\n<p><strong>Naro\u010dite se za sre\u010danje: <\/strong><a href=\"mailto:barbara.novak444@gmail.com\">barbara.novak444@gmail.com<\/a><\/p>\n","protected":false},"excerpt":{"rendered":"<p>\u010ce se \u017eelite vaditi v komunikaciji s samim seboj, lahko obi\u0161\u010dete individualni trening in svetovanje ali se pridru\u017eite skupini za opolnomo\u010denje. Individualni trening se oblikuje tako, da se obdelajo podro\u010dja in teme, katere so za posameznika primerne v danih okoli\u0161\u010dinah. Koli\u010dina in zaporednost sre\u010danj se oblikuje na za\u010detnem sre\u010danju. Uporabljajo se\u00a0tehnike in metode za opolnomo\u010denje &hellip; <a href=\"https:\/\/pogovorise.si\/index.php\/svetovanje-in-trening-2\/\" class=\"more-link\">Continue reading <span class=\"screen-reader-text\">Svetovanje in trening<\/span><\/a><\/p>\n","protected":false},"author":1,"featured_media":0,"parent":0,"menu_order":0,"comment_status":"closed","ping_status":"closed","template":"","meta":{"footnotes":""},"jetpack_sharing_enabled":true,"_links":{"self":[{"href":"https:\/\/pogovorise.si\/index.php\/wp-json\/wp\/v2\/pages\/588"}],"collection":[{"href":"https:\/\/pogovorise.si\/index.php\/wp-json\/wp\/v2\/pages"}],"about":[{"href":"https:\/\/pogovorise.si\/index.php\/wp-json\/wp\/v2\/types\/page"}],"author":[{"embeddable":true,"href":"https:\/\/pogovorise.si\/index.php\/wp-json\/wp\/v2\/users\/1"}],"replies":[{"embeddable":true,"href":"https:\/\/pogovorise.si\/index.php\/wp-json\/wp\/v2\/comments?post=588"}],"version-history":[{"count":15,"href":"https:\/\/pogovorise.si\/index.php\/wp-json\/wp\/v2\/pages\/588\/revisions"}],"predecessor-version":[{"id":1029,"href":"https:\/\/pogovorise.si\/index.php\/wp-json\/wp\/v2\/pages\/588\/revisions\/1029"}],"wp:attachment":[{"href":"https:\/\/pogovorise.si\/index.php\/wp-json\/wp\/v2\/media?parent=588"}],"curies":[{"name":"wp","href":"https:\/\/api.w.org\/{rel}","templated":true}]}}