{"id":890,"date":"2025-02-01T16:24:41","date_gmt":"2025-02-01T15:24:41","guid":{"rendered":"https:\/\/pogovorise.si\/?page_id=890"},"modified":"2025-02-11T17:42:20","modified_gmt":"2025-02-11T16:42:20","slug":"kako-sijati-svojo-luno","status":"publish","type":"page","link":"https:\/\/pogovorise.si\/index.php\/kako-sijati-svojo-luno\/","title":{"rendered":"Kako sijati svojo Luno"},"content":{"rendered":"<p>INTERPRETACIJA SANJ NA LASTNIH PRIMERIH<\/p>\n<p>Vabljeni na sanjsko delavnico. Predviden termin je v juniju 2025 v Ljubljani.<\/p>\n<p>Ali si \u017eeli\u0161 odgovore glede sanj ? Zakaj so sanje tako pomembne ?\u00a0Pomembna je samo \u017eelja, da odpre\u0161 lastni portal. Na delavnici bo\u0161 dobil mo\u017enost, da se na novo prepozna\u0161 skozi sanje, saj si glavni lik tvoje zgodbe vedno ti.<\/p>\n<p><img decoding=\"async\" loading=\"lazy\" class=\"alignnone size-large wp-image-880\" src=\"https:\/\/pogovorise.si\/wp-content\/uploads\/2022\/05\/KSSL_naslovnica-za-dogodek-fb-1024x577.jpg\" alt=\"\" width=\"740\" height=\"417\" srcset=\"https:\/\/pogovorise.si\/wp-content\/uploads\/2022\/05\/KSSL_naslovnica-za-dogodek-fb-1024x577.jpg 1024w, https:\/\/pogovorise.si\/wp-content\/uploads\/2022\/05\/KSSL_naslovnica-za-dogodek-fb-300x169.jpg 300w, https:\/\/pogovorise.si\/wp-content\/uploads\/2022\/05\/KSSL_naslovnica-za-dogodek-fb-768x433.jpg 768w, https:\/\/pogovorise.si\/wp-content\/uploads\/2022\/05\/KSSL_naslovnica-za-dogodek-fb-1536x865.jpg 1536w, https:\/\/pogovorise.si\/wp-content\/uploads\/2022\/05\/KSSL_naslovnica-za-dogodek-fb.jpg 1640w\" sizes=\"(max-width: 740px) 100vw, 740px\" \/><\/p>\n<p>Sanje so ena izmed mo\u010dnej\u0161ih oblik stika z du\u0161o. Tako kot telo, ki ob\u010dasno potrebuje odmor ali zdravljenje, tudi du\u0161a potrebuje podobno. Kdor poslu\u0161a samo razum, ta ne sli\u0161i ve\u010d glasov du\u0161e. Intelekt zavzame ve\u010dji del mesta v srcu, s \u010dimer se potla\u010di anga\u017ema du\u0161e skozi sanje. Vsi hrepenimo po vi\u0161jem impulzu, a pozabljamo, da imamo v sanjah na razpolago ogromno duhovnih vodnikov, ki nas neprestano nevidno varujejo do te mere, da sploh lahko obstajamo. Oni so nad\u010dlove\u0161ko aktivni in to po\u010dnejo iz ljubezni in brez pri\u010dakovanja hvale\u017enosti.<\/p>\n<p>V sebi imamo ogromno idej, predstav in zgodb, kak\u0161ni bi morali biti mi in na\u0161i odnosi.\u00a0Najbr\u017e ste \u017ee sli\u0161ali, da prihaja na zemljo nova zavest, katera bo zahtevala od vseh nas spremembe v samem sebi, v odnosih, v odnosu do dela in spremembe do telesa. Tako je na\u0161 \u017eiv\u010dni sistem \u017ee na udaru. Zato bomo na delavnici pove\u010dali svoj odnos do sebe in sebe vrnili sebi. Iluzorno bo vstopati le v odgovore uma, ne da bi se vpra\u0161ali po ob\u010dutkih in jih ponovno za\u010dutili.<\/p>\n<p>Vsaka du\u0161a se vsak ve\u010der vra\u010da v kraljestvo in se nato vrne v svoj dom na planetu Zemlja, s seboj prina\u0161a du\u0161no zavest. Tako nikoli po svetu ne potujemo sami. Ego dobi poleg svoje zemeljske zavesti \u0161e du\u0161no zavest.<\/p>\n<p>Vsak udele\u017eenec bo dobil interpretacijo sanj in se seznanil s svojim potencialom Lune in Neptuna, ki sta pri razumevanju sanj klju\u010dna akterja.<\/p>\n<p>Delavnico bosta vodila diplomirani astrolog <a href=\"https:\/\/www.facebook.com\/search\/top?q=astro%20vpogled\">Mitja Bratu\u017e<\/a> in <a href=\"https:\/\/www.facebook.com\/barbara.novak.982\/\">Barbara Novak<\/a><\/p>\n<p>Delavnica bo od 15.00 do 19.00 ure. Cena delavnice je 80,00\u20ac. Podrobnej\u0161e informacije prejmete po prijavi preko e-po\u0161te. \u0160tevilo udele\u017eencev je omejeno.<\/p>\n<p>Prijava in ostale informacije: <a href=\"mailto:barbara.novak444@gmail.com\">barbara.novak444@gmail.com<\/a><\/p>\n<p><a href=\"https:\/\/pogovorise.si\/index.php\/2022\/05\/09\/kako-sijati-svojo-luno\/\">Ve\u010d o delavnici<\/a><\/p>\n<p>&nbsp;<\/p>\n<p>slika in oblikovanje: pixabay\/Barbara Novak<\/p>\n","protected":false},"excerpt":{"rendered":"<p>INTERPRETACIJA SANJ NA LASTNIH PRIMERIH Vabljeni na sanjsko delavnico. Predviden termin je v juniju 2025 v Ljubljani. Ali si \u017eeli\u0161 odgovore glede sanj ? Zakaj so sanje tako pomembne ?\u00a0Pomembna je samo \u017eelja, da odpre\u0161 lastni portal. Na delavnici bo\u0161 dobil mo\u017enost, da se na novo prepozna\u0161 skozi sanje, saj si glavni lik tvoje zgodbe &hellip; <a href=\"https:\/\/pogovorise.si\/index.php\/kako-sijati-svojo-luno\/\" class=\"more-link\">Continue reading <span class=\"screen-reader-text\">Kako sijati svojo Luno<\/span><\/a><\/p>\n","protected":false},"author":1,"featured_media":0,"parent":0,"menu_order":0,"comment_status":"closed","ping_status":"closed","template":"","meta":{"footnotes":""},"jetpack_sharing_enabled":true,"_links":{"self":[{"href":"https:\/\/pogovorise.si\/index.php\/wp-json\/wp\/v2\/pages\/890"}],"collection":[{"href":"https:\/\/pogovorise.si\/index.php\/wp-json\/wp\/v2\/pages"}],"about":[{"href":"https:\/\/pogovorise.si\/index.php\/wp-json\/wp\/v2\/types\/page"}],"author":[{"embeddable":true,"href":"https:\/\/pogovorise.si\/index.php\/wp-json\/wp\/v2\/users\/1"}],"replies":[{"embeddable":true,"href":"https:\/\/pogovorise.si\/index.php\/wp-json\/wp\/v2\/comments?post=890"}],"version-history":[{"count":16,"href":"https:\/\/pogovorise.si\/index.php\/wp-json\/wp\/v2\/pages\/890\/revisions"}],"predecessor-version":[{"id":1193,"href":"https:\/\/pogovorise.si\/index.php\/wp-json\/wp\/v2\/pages\/890\/revisions\/1193"}],"wp:attachment":[{"href":"https:\/\/pogovorise.si\/index.php\/wp-json\/wp\/v2\/media?parent=890"}],"curies":[{"name":"wp","href":"https:\/\/api.w.org\/{rel}","templated":true}]}}